. What is the remainder when h is divided by o?
21
Calculate the remainder when 151 - ((-15)/(-1) - 16) is divided by 47.
11
Let k be (3 - 2)/(1 + -2). Let s(d) = -26*d**3 + d**2 - d - 2. Calculate the remainder when (3 - (0 - -4))/((-2)/202) is divided by s(k).
23
Suppose 22*w - 5*q = 17*w + 580, -w + 128 = 5*q. Calculate the remainder when w is divided by 61.
57
Let m = 72 + -50. Suppose j + 10 = m. Suppose -3*w = j, -3*w + 4 = 3*i - 74. What is the remainder when i is divided by 18?
12
Let p(j) = -9*j**2 - 9*j + 10. Let l be p(-9). Let v = l + 1005. Calculate the remainder when v is divided by 41.
39
Suppose t - 4*t + 2*v = -671, 0 = 10*t + 5*v - 2260. What is the remainder when t is divided by 10?
5
What is the remainder when 339 is divided by 335/6 - (-9)/54?
3
Let n(x) = -x**3 - 26*x**2 - 22*x + 79. Let g be n(-25). Suppose 0 = -3*y - 3, 0 = -0*k + 3*k - g*y - 277. Calculate the remainder when 634 is divided by k.
88
Let o(k) be the first derivative of k**3/3 - 4*k**2 + 3*k + 5. Let u(b) = b**2 - 9*b + 16. Let m be u(8). Calculate the remainder when 3 is divided by o(m).
0
Let y = 33 - 30. Let v = 2 - y. Let r(g) = 35*g**2 - g. What is the remainder when 105 is divided by r(v)?
33
Suppose 0 = 20815*v - 20803*v - 5988. What is the remainder when 1504 is divided by v?
7
Let y(o) = 77*o**2 + 67*o + 257. Calculate the remainder when y(-4) is divided by 608.
5
Suppose 4*h + 2*j + 1370 = -h, -2*h + 3*j - 548 = 0. Let c = 303 + h. Calculate the remainder when c is divided by 6.
5
Let a(c) = -2*c - 5. Let m be ((-93342)/(-188))/(1 - (-2)/4). Suppose q = 2*x - 145, q - m = -4*x - 32. What is the remainder when x is divided by a(-6)?
4
Suppose 2*r - 241 + 961 = 2*f, 5*f - 1776 = -r. Suppose 6*v - 2*v = a + 350, 4*v = -2*a + f. Calculate the remainder when v is divided by 23.
19
Suppose 2*n + 772 = -2*s + 5*s, 0 = -s + 2*n + 260. Let l = -243 + s. What is the remainder when l is divided by 5?
3
Let c = -3725 - -4889. Calculate the remainder when c is divided by 35.
9
Calculate the remainder when 3038 is divided by (7 + -2)*17/((-935)/(-1672)).
150
Suppose -3*n + 3 = -u - 8, 2*n = 14. What is the remainder when 104 is divided by u?
4
Suppose 0 = 3*j + 5*d + 42, -4*j + d = -16 + 49. Let h(l) = -l**2 - 11*l - 7. Calculate the remainder when h(j) is divided by 5.
1
Suppose -3*o - 40 = -5*o. Suppose -a = o - 80. What is the remainder when a is divided by 35?
25
Let q = 304 - 256. Suppose -y + 2*c + q = y, 0 = 4*y + 4*c - 72. Calculate the remainder when y is divided by 6.
3
Suppose 1386 = -6*l + 24*l. Suppose 4*a = 3*a + 10. What is the remainder when l is divided by a?
7
Let y(h) = -862*h + 6919. What is the remainder when y(8) is divided by (0 + 4)/(1/4)?
7
Suppose -246*w - 5*a = -245*w - 68, -4*a + 83 = 3*w. Let f(b) = b**3 - 7*b**2 - 3. Calculate the remainder when f(8) is divided by w.
9
Suppose 384 + 918 = 62*i. Suppose 129 = 3*g - 0*g. What is the remainder when g is divided by i?
1
Suppose 11*r = 8*r + 9. Suppose 24 = -w - 2*v, -w - r*v = -0*v + 20. What is the remainder when 24 is divided by w*3/(-6) + -3?
11
Suppose 4*a = -2*h - 106, -49 = a + 2*h - 6*h. Let m = -41 - -25. Let k = m - a. What is the remainder when k is divided by 7?
6
Let z(k) = -3*k**2 - 385*k - 9942. What is the remainder when ((-435)/6)/((-1)/2) is divided by z(-36)?
25
Let p = 320 - -346. Let v = 725 - p. What is the remainder when v is divided by 21?
17
Suppose 0*p - 2*p = -228. Let j(v) = v**3 + 13*v**2 - 16*v - 27. Let q be j(-14). What is the remainder when p is divided by (41 - 2)/((-1)/(-2 + q))?
36
Let l = -14364 + 14984. Calculate the remainder when l is divided by 26.
22
Suppose 3*c + 6 = 0, 6*l + 5*c = l - 1235. Let g = l - -675. What is the remainder when g is divided by 54?
52
Let w = 58 - 28. Suppose 0 = -6*v - 4*o - 12, 317 = o + 326. Calculate the remainder when w is divided by v.
2
Let i(n) = 2*n**3 + 17*n**2 - 89*n - 693. What is the remainder when (3 + -4)*(-349)/1 is divided by i(-9)?
25
Suppose 4*k = -5*c + 120, 2*c - 39 = -5*k + 9. Suppose -197 + c = -o. Calculate the remainder when o is divided by 29.
28
Suppose -2*h = -2*p + 688, -4*p - 4*h + 557 = -803. Let m = p - -40. Let z = m - 224. What is the remainder when z is divided by 40?
38
Suppose 4*j + 0*j - 553 = a, -2*a = 2*j - 264. Suppose -412 + j = 11*d. What is the remainder when ((-5)/(d/(-2)))/((-1)/90) is divided by 13?
10
Let v = 58 + -56. Suppose 2*n = -v*p + 62, 2*n + 2*p = 4*n - 62. Suppose 2*j = -5 + n. Calculate the remainder when 36 is divided by j.
10
Let k be 435/58*8/5. Calculate the remainder when 41 is divided by k/(-36) - (910/(-6))/5.
11
Suppose -40*x + 3999 = 42*x + 11*x. What is the remainder when 9457 is divided by x?
40
Suppose 2*y - 128 = -y - 4*i, -5*y = -5*i - 190. Suppose 0 = -14*t + 4324 - y. Calculate the remainder when t is divided by 14.
12
Let a(d) = 14*d + 102. What is the remainder when a(10) is divided by 81?
80
Let j be (-6)/(-27) + ((-95088)/54)/4. Let s = j - -452. Calculate the remainder when 21 is divided by s.
9
Let y = 14073 + -8753. Suppose -14*b + 3710 = -y. What is the remainder when b is divided by 108?
105
Let q be ((-3)/2)/((-36)/12)*24. Let z = 7 - q. What is the remainder when (z + 3)/(3/(-6)) is divided by 1?
0
Suppose 289*j + 4589 - 18977 = 277*j. What is the remainder when j is divided by 101?
88
Let b be ((-12)/14)/((-12)/1036). Suppose l = -3*o + b, l + 26 = o - 0*o. What is the remainder when 398/4 + (-2)/4 is divided by o?
24
Let d(c) = -8*c - 3. Let g = 9564 - 9502. What is the remainder when g is divided by d(-3)?
20
Suppose -z + 51 = -2*d, 5*z + 42*d - 47*d = 260. Calculate the remainder when 1112 is divided by z.
52
Let z be ((3 - -8) + 2)*2. Suppose z*g - 21*g - 153 = 4*p, 3*g = -3*p + 81. Let w = 19 + -9. What is the remainder when g is divided by w?
9
Let r = 132 + -53. Let p = r + -64. What is the remainder when -15*(48/p - 4) is divided by 3?
0
Calculate the remainder when 63 is divided by (7/(105/25)*3)/((-15)/(-45)).
3
Suppose -7*j + 473 = -395. Suppose -12*b + j = -380. Calculate the remainder when 137 is divided by b.
11
Let k(g) = g**2 + 2*g. Let j(t) = -t**3 - 43*t**2 - 14*t - 68. Let m(l) = j(l) + 5*k(l). What is the remainder when m(-38) is divided by 24?
12
Let k(j) = -22*j**2 - 7*j + 8. Let u(y) = 5*y**2 + 2*y - 2. Let l(o) = 4*k(o) + 18*u(o). What is the remainder when 53 is divided by l(-7)?
15
Suppose -37*t + 361 = -2192. What is the remainder when 2204 is divided by t?
65
Suppose 15*t - 12*t - 4734 = 0. Suppose -4*g = -l - 3121, -4*l = 3*g - 5*g + t. What is the remainder when g is divided by 30?
29
Let g = 594 + -1073. Let p = g + 794. What is the remainder when p is divided by 29?
25
Suppose 0 = -4*g + i + 93, 5*g + 4*i - 71 = 40. Calculate the remainder when (1347/(-4490))/((-6)/5420) is divided by g.
18
Suppose 27 = 15*x - 3. Suppose -2*f = 3*u + x*f - 25, 27 = 3*u + 3*f. Calculate the remainder when 42 is divided by u.
9
Suppose -602*i + 558 = -584*i. Suppose 0*o + 44 = 2*o. What is the remainder when i is divided by o?
9
Suppose -9*x - 6*x = -60. Suppose -5*y + y - 2*v + 268 = 0, 0 = x*y - v - 268. Calculate the remainder when y is divided by 17.
16
Let o(t) = -t - 1. Let g be o(-13). Suppose -g*x + 1595 = -x. Suppose x = 4*w + 21. What is the remainder when w is divided by 8?
7
Suppose -169 - 271 = -4*y - 4*l, 485 = 4*y - 5*l. Let g be (-1 - -3)/(28/(-7))*-12. Let q(j) = -j + 35. Calculate the remainder when y is divided by q(g).
28
Let s = 62 + -56. What is the remainder when (0 + -20)*(5 + -4 + -2) is divided by s?
2
Suppose 3*w + w - 40 = 0. Suppose 13*m = 5*m + 16. Suppose -14*o = -m*o - 36. What is the remainder when w is divided by o?
1
What is the remainder when 6427 is divided by -26 + 2 - 4161/(-19)?
187
Let m be 33/12 - 4/(-16). Suppose 2*j + m*c - 17 = 0, 1 = -4*j - 5*c + 32. Let d = -59 + 66. Calculate the remainder when d is divided by j.
3
Suppose 1579 = 11*f - 709. Suppose -46*l + f = -38*l. What is the remainder when 77 is divided by l?
25
Suppose 21071 + 9793 = 24*q. What is the remainder when q is divided by 39?
38
Suppose 2*q + y + 154 = 4*q, -3*q + 2*y + 230 = 0. Suppose -618 = -5*b - q. What is the remainder when b is divided by 14?
10
Suppose -22*l + 19*l - 5*c + 970 = 0, -13*c + 986 = 